the hundreds digit of 5017558644?
6
What is the tens digit of 446694596?
9
What is the hundred millions digit of 5155039435?
1
What is the units digit of 188243745?
5
What is the billions digit of 5541124160?
5
What is the hundreds digit of 498870426?
4
What is the tens digit of 7408493?
9
What is the ten millions digit of 38913902?
3
What is the thousands digit of 155842174?
2
What is the millions digit of 93389893?
3
What is the millions digit of 111659687?
1
What is the thousands digit of 1114384214?
4
What is the hundreds digit of 2221687?
6
What is the units digit of 50126157?
7
What is the millions digit of 492758991?
2
What is the tens digit of 33229708?
0
What is the hundred thousands digit of 114968946?
9
What is the millions digit of 26465650?
6
What is the thousands digit of 1129308048?
8
What is the ten millions digit of 325826243?
2
What is the units digit of 114526316?
6
What is the tens digit of 1358905039?
3
What is the ten thousands digit of 129642688?
4
What is the units digit of 5179941?
1
What is the thousands digit of 2024191775?
1
What is the ten millions digit of 62521816?
6
What is the ten thousands digit of 1924309729?
0
What is the ten millions digit of 956581499?
5
What is the hundreds digit of 4797592380?
3
What is the millions digit of 119177964?
9
What is the hundreds digit of 2441862?
8
What is the hundreds digit of 1183228376?
3
What is the ten millions digit of 51871507?
5
What is the millions digit of 2360806?
2
What is the millions digit of 390695130?
0
What is the millions digit of 300412960?
0
What is the ten thousands digit of 64366251?
6
What is the thousands digit of 116502148?
2
What is the ten millions digit of 170573326?
7
What is the hundred millions digit of 1210913360?
2
What is the hundred millions digit of 3279259248?
2
What is the millions digit of 1410042101?
0
What is the hundred millions digit of 1242248294?
2
What is the units digit of 834778487?
7
What is the ten millions digit of 3096512423?
9
What is the hundreds digit of 42983699?
6
What is the thousands digit of 142913417?
3
What is the thousands digit of 270522091?
2
What is the hundred millions digit of 1204522876?
2
What is the millions digit of 44403453?
4
What is the tens digit of 759349616?
1
What is the ten thousands digit of 55397141?
9
What is the units digit of 1313094176?
6
What is the billions digit of 6605357216?
6
What is the units digit of 247039?
9
What is the ten millions digit of 1014037970?
1
What is the units digit of 417007903?
3
What is the hundred millions digit of 829523664?
8
What is the billions digit of 5401701420?
5
What is the hundred millions digit of 297931256?
2
What is the thousands digit of 241182693?
2
What is the millions digit of 45383666?
5
What is the thousands digit of 53098417?
8
What is the hundreds digit of 7376004782?
7
What is the ten thousands digit of 191624546?
2
What is the thousands digit of 170206829?
6
What is the hundreds digit of 1110095171?
1
What is the hundred millions digit of 243776587?
2
What is the ten thousands digit of 32940272?
4
What is the ten thousands digit of 3610510159?
1
What is the hundred thousands digit of 2152590774?
5
What is the thousands digit of 211320169?
0
What is the millions digit of 912794047?
2
What is the hundred thousands digit of 71448182?
4
What is the hundred thousands digit of 42988934?
9
What is the millions digit of 433352721?
3
What is the hundred thousands digit of 807306840?
3
What is the ten thousands digit of 139309145?
0
What is the ten millions digit of 180361110?
8
What is the hundred thousands digit of 74629000?
6
What is the hundred millions digit of 4347461835?
3
What is the billions digit of 6192585331?
6
What is the billions digit of 2795877142?
2
What is the ten millions digit of 167161354?
6
What is the ten thousands digit of 77391010?
9
What is the thousands digit of 8050333?
0
What is the tens digit of 2662572?
7
What is the ten millions digit of 963878906?
6
What is the ten millions digit of 1183823226?
8
What is the tens digit of 748644535?
3
What is the units digit of 1088623052?
2
What is the ten millions digit of 12294471?
1
What is the hundreds digit of 65629322?
3
What is the hundred thousands digit of 111388127?
3
What is the units digit of 207389506?
6
What is the ten millions digit of 217941660?
1
What is the ten thousands digit of 66673622?
7
What is the hundreds digit of 7211621?
6
What is the hundreds digit of 19747651?
6
What is the thousands digit of 1008796600?
6
What is the hundred millions digit of 5299023993?
2
What is the tens digit of 706884946?
4
What is the ten millions digit of 981059591?
8
What is the hundred thousands digit of 197564206?
5
What is the millions digit of 3140418672?
0
What is the ten thousands digit of 107945087?
4
What is the millions digit of 553074905?
3
What is the ten thousands digit of 322105159?
0
What is the thousands digit of 58694902?
4
What is the ten thousands digit of 384816592?
1
What is the hundreds digit of 223215199?
1
What is the ten thousands digit of 72722125?
2
What is the billions digit of 1641381085?
1
What is the ten millions digit of 1951144287?
5
What is the hundred thousands digit of 49892210?
8
What is the thousands digit of 14146704?
6
What is the ten thousands digit of 38672137?
7
What is the tens digit of 564905782?
8
What is the millions digit of 737932627?
7
What is the millions digit of 288323698?
8
What is the units digit of 10441386?
6
What is the hundreds digit of 3663481834?
8
What is the ten millions digit of 1716699912?
1
What is the hundred thousands digit of 67671670?
6
What is the hundreds digit of 95696736?
7
What is the millions digit of 8370442?
8
What is the ten millions digit of 47916482?
4
What is the ten millions digit of 527607040?
2
What is the hundred thousands digit of 692601439?
6
What is the ten thousands digit of 2829678?
2
What is the hundred thousands digit of 135563407?
5
What is the millions digit of 40447979?
0
What is the ten millions digit of 138290341?
3
What is the ten thousands digit of 239745357?
4
What is the units digit of 16617361?
1
What is the ten thousands digit of 59058709?
5
What is the tens digit of 53166131?
3
What is the units digit of 552915183?
3
What is the tens digit of 73199964?
6
What is the thousands digit of 453384262?
4
What is the millions digit of 56430213?
6
What is the hundred thousands digit of 2757313540?
3
What is the ten thousands digit of 2298335033?
3
What is the ten millions digit of 917727458?
1
What is the hundred thousands digit of 236358843?
3
What is the ten thousands digit of 952513230?
1
What is the hundred thousands digit of 1076064381?
0
What is the hundred millions digit of 482668165?
4
What is the hundreds digit of 2072746762?
7
What is the tens digit of 269400309?
0
What is the hundreds digit of 1957022794?
7
What is the billions digit of 6849262892?
6
What is the thousands digit of 398293347?
3
What is the billions digit of 1314165270?
1
What is the millions digit of 240116452?
0
What is the hundred thousands digit of 83535529?
5
What is the ten millions digit of 19514281?
1
What is the ten millions digit of 397595636?
9
What is the ten millions digit of 186250601?
8
What is the hundreds digit of 45695897?
8
What is the hundreds digit of 820250854?
8
What is the thousands digit of 195651971?
1
What is the ten millions digit of 102006623?
0
What is the millions digit of 371176852?
1
What is the hundreds digit of 164364654?
6
What is the millions digit of 558570301?
8
What is the hundreds digit of 180501423?
4
What is the thousands digit of 72232730?
2
What is the thousands digit of 118503914?
3
What is the hundreds digit of 5207597258?
2
What is the tens digit of 816939838?
3
What is the units digit of 176041055?
5
What is the units digit of 91907056?
6
What is the ten thousands digit of 22009340?
0
What is the units digit of 95266303?
3
What is the millions digit of 1040692249?
0
What is the ten thousands digit of 57491439?
9
What is the millions digit of 400551672?
0
What is the units digit of 60663697?
7
What is the hundreds digit of 1371787124?
1
What is the tens digit of 213708303?
0
What is the hundreds digit of 7134635904?
9
What is the units digit of 83253167?
7
What